{"id":58953,"date":"2025-08-01T16:25:07","date_gmt":"2025-08-01T14:25:07","guid":{"rendered":"https:\/\/www.stpierre-bru.be\/?post_type=brochure&#038;p=58953"},"modified":"2025-08-01T16:27:06","modified_gmt":"2025-08-01T14:27:06","slug":"hopital-de-jour-geriatrique","status":"publish","type":"brochure","link":"https:\/\/www.stpierre-bru.be\/en\/brochure\/hopital-de-jour-geriatrique\/","title":{"rendered":"H\u00f4pital de jour g\u00e9riatrique"},"content":{"rendered":"<p>Brochure d&#8217;information \u00e0 l&#8217;attention de patients et proches<\/p>\n","protected":false},"featured_media":58954,"menu_order":0,"template":"","meta":{"_acf_changed":false,"_et_pb_use_builder":"","_et_pb_old_content":"","_et_gb_content_width":"","_price":"","_stock":"","_tribe_ticket_header":"","_tribe_default_ticket_provider":"","_tribe_ticket_capacity":"0","_ticket_start_date":"","_ticket_end_date":"","_tribe_ticket_show_description":"","_tribe_ticket_show_not_going":false,"_tribe_ticket_use_global_stock":"","_tribe_ticket_global_stock_level":"","_global_stock_mode":"","_global_stock_cap":"","_tribe_rsvp_for_event":"","_tribe_ticket_going_count":"","_tribe_ticket_not_going_count":"","_tribe_tickets_list":"[]","_tribe_ticket_has_attendee_info_fields":false},"categories":[],"tags":[1380,3117,3116],"class_list":["post-58953","brochure","type-brochure","status-publish","has-post-thumbnail","hentry","tag-geriatrie-2","tag-vieu","tag-vieux"],"acf":[],"yoast_head":"<!-- This site is optimized with the Yoast SEO plugin v26.5 - https:\/\/yoast.com\/wordpress\/plugins\/seo\/ -->\n<title>H\u00f4pital de jour g\u00e9riatrique - CHU Saint-Pierre | UMC Sint-Pieter<\/title>\n<meta name=\"robots\" content=\"index, follow, max-snippet:-1, max-image-preview:large, max-video-preview:-1\" \/>\n<link rel=\"canonical\" href=\"https:\/\/www.stpierre-bru.be\/brochure\/hopital-de-jour-geriatrique\/\" \/>\n<meta property=\"og:locale\" content=\"en_US\" \/>\n<meta property=\"og:type\" content=\"article\" \/>\n<meta property=\"og:title\" content=\"H\u00f4pital de jour g\u00e9riatrique - CHU Saint-Pierre | UMC Sint-Pieter\" \/>\n<meta property=\"og:description\" content=\"Brochure d&#8217;information \u00e0 l&#8217;attention de patients et proches\" \/>\n<meta property=\"og:site_name\" content=\"CHU Saint-Pierre | UMC Sint-Pieter\" \/>\n<meta property=\"article:modified_time\" content=\"2025-08-01T14:27:06+00:00\" \/>\n<meta property=\"og:image\" content=\"https:\/\/www.stpierre-bru.be\/app\/uploads\/2025\/08\/A5_Brochure_OneDayGeriatrique_FR_100625.jpg\" \/>\n\t<meta property=\"og:image:width\" content=\"420\" \/>\n\t<meta property=\"og:image:height\" content=\"595\" \/>\n\t<meta property=\"og:image:type\" content=\"image\/jpeg\" \/>\n<meta name=\"twitter:card\" content=\"summary_large_image\" \/>\n<meta name=\"twitter:label1\" content=\"Est. reading time\" \/>\n\t<meta name=\"twitter:data1\" content=\"1 minute\" \/>\n<script type=\"application\/ld+json\" class=\"yoast-schema-graph\">{\"@context\":\"https:\/\/schema.org\",\"@graph\":[{\"@type\":\"WebPage\",\"@id\":\"https:\/\/www.stpierre-bru.be\/brochure\/hopital-de-jour-geriatrique\/\",\"url\":\"https:\/\/www.stpierre-bru.be\/brochure\/hopital-de-jour-geriatrique\/\",\"name\":\"H\u00f4pital de jour g\u00e9riatrique - CHU Saint-Pierre | UMC Sint-Pieter\",\"isPartOf\":{\"@id\":\"https:\/\/www.stpierre-bru.be\/#website\"},\"primaryImageOfPage\":{\"@id\":\"https:\/\/www.stpierre-bru.be\/brochure\/hopital-de-jour-geriatrique\/#primaryimage\"},\"image\":{\"@id\":\"https:\/\/www.stpierre-bru.be\/brochure\/hopital-de-jour-geriatrique\/#primaryimage\"},\"thumbnailUrl\":\"https:\/\/www.stpierre-bru.be\/app\/uploads\/2025\/08\/A5_Brochure_OneDayGeriatrique_FR_100625.jpg\",\"datePublished\":\"2025-08-01T14:25:07+00:00\",\"dateModified\":\"2025-08-01T14:27:06+00:00\",\"breadcrumb\":{\"@id\":\"https:\/\/www.stpierre-bru.be\/brochure\/hopital-de-jour-geriatrique\/#breadcrumb\"},\"inLanguage\":\"en-US\",\"potentialAction\":[{\"@type\":\"ReadAction\",\"target\":[\"https:\/\/www.stpierre-bru.be\/brochure\/hopital-de-jour-geriatrique\/\"]}]},{\"@type\":\"ImageObject\",\"inLanguage\":\"en-US\",\"@id\":\"https:\/\/www.stpierre-bru.be\/brochure\/hopital-de-jour-geriatrique\/#primaryimage\",\"url\":\"https:\/\/www.stpierre-bru.be\/app\/uploads\/2025\/08\/A5_Brochure_OneDayGeriatrique_FR_100625.jpg\",\"contentUrl\":\"https:\/\/www.stpierre-bru.be\/app\/uploads\/2025\/08\/A5_Brochure_OneDayGeriatrique_FR_100625.jpg\",\"width\":420,\"height\":595},{\"@type\":\"BreadcrumbList\",\"@id\":\"https:\/\/www.stpierre-bru.be\/brochure\/hopital-de-jour-geriatrique\/#breadcrumb\",\"itemListElement\":[{\"@type\":\"ListItem\",\"position\":1,\"name\":\"Home\",\"item\":\"https:\/\/www.stpierre-bru.be\/en\/\"},{\"@type\":\"ListItem\",\"position\":2,\"name\":\"Brochures\",\"item\":\"https:\/\/www.stpierre-bru.be\/nl\/brochure\/\"},{\"@type\":\"ListItem\",\"position\":3,\"name\":\"H\u00f4pital de jour g\u00e9riatrique\"}]},{\"@type\":\"WebSite\",\"@id\":\"https:\/\/www.stpierre-bru.be\/#website\",\"url\":\"https:\/\/www.stpierre-bru.be\/\",\"name\":\"CHU Saint-Pierre | UMC Sint-Pieter\",\"description\":\"Bienvenue\",\"publisher\":{\"@id\":\"https:\/\/www.stpierre-bru.be\/#organization\"},\"potentialAction\":[{\"@type\":\"SearchAction\",\"target\":{\"@type\":\"EntryPoint\",\"urlTemplate\":\"https:\/\/www.stpierre-bru.be\/?s={search_term_string}\"},\"query-input\":{\"@type\":\"PropertyValueSpecification\",\"valueRequired\":true,\"valueName\":\"search_term_string\"}}],\"inLanguage\":\"en-US\"},{\"@type\":\"Organization\",\"@id\":\"https:\/\/www.stpierre-bru.be\/#organization\",\"name\":\"CHU Saint-Pierre | UMC Sint-Pieter\",\"url\":\"https:\/\/www.stpierre-bru.be\/\",\"logo\":{\"@type\":\"ImageObject\",\"inLanguage\":\"en-US\",\"@id\":\"https:\/\/www.stpierre-bru.be\/#\/schema\/logo\/image\/\",\"url\":\"https:\/\/www.stpierre-bru.be\/wp-content\/uploads\/2021\/06\/Logo_chu_umc_0.png\",\"contentUrl\":\"https:\/\/www.stpierre-bru.be\/wp-content\/uploads\/2021\/06\/Logo_chu_umc_0.png\",\"width\":733,\"height\":281,\"caption\":\"CHU Saint-Pierre | UMC Sint-Pieter\"},\"image\":{\"@id\":\"https:\/\/www.stpierre-bru.be\/#\/schema\/logo\/image\/\"}}]}<\/script>\n<!-- \/ Yoast SEO plugin. -->","yoast_head_json":{"title":"H\u00f4pital de jour g\u00e9riatrique - CHU Saint-Pierre | UMC Sint-Pieter","robots":{"index":"index","follow":"follow","max-snippet":"max-snippet:-1","max-image-preview":"max-image-preview:large","max-video-preview":"max-video-preview:-1"},"canonical":"https:\/\/www.stpierre-bru.be\/brochure\/hopital-de-jour-geriatrique\/","og_locale":"en_US","og_type":"article","og_title":"H\u00f4pital de jour g\u00e9riatrique - CHU Saint-Pierre | UMC Sint-Pieter","og_description":"Brochure d&#8217;information \u00e0 l&#8217;attention de patients et proches","og_site_name":"CHU Saint-Pierre | UMC Sint-Pieter","article_modified_time":"2025-08-01T14:27:06+00:00","og_image":[{"width":420,"height":595,"url":"https:\/\/www.stpierre-bru.be\/app\/uploads\/2025\/08\/A5_Brochure_OneDayGeriatrique_FR_100625.jpg","type":"image\/jpeg"}],"twitter_card":"summary_large_image","twitter_misc":{"Est. reading time":"1 minute"},"schema":{"@context":"https:\/\/schema.org","@graph":[{"@type":"WebPage","@id":"https:\/\/www.stpierre-bru.be\/brochure\/hopital-de-jour-geriatrique\/","url":"https:\/\/www.stpierre-bru.be\/brochure\/hopital-de-jour-geriatrique\/","name":"H\u00f4pital de jour g\u00e9riatrique - CHU Saint-Pierre | UMC Sint-Pieter","isPartOf":{"@id":"https:\/\/www.stpierre-bru.be\/#website"},"primaryImageOfPage":{"@id":"https:\/\/www.stpierre-bru.be\/brochure\/hopital-de-jour-geriatrique\/#primaryimage"},"image":{"@id":"https:\/\/www.stpierre-bru.be\/brochure\/hopital-de-jour-geriatrique\/#primaryimage"},"thumbnailUrl":"https:\/\/www.stpierre-bru.be\/app\/uploads\/2025\/08\/A5_Brochure_OneDayGeriatrique_FR_100625.jpg","datePublished":"2025-08-01T14:25:07+00:00","dateModified":"2025-08-01T14:27:06+00:00","breadcrumb":{"@id":"https:\/\/www.stpierre-bru.be\/brochure\/hopital-de-jour-geriatrique\/#breadcrumb"},"inLanguage":"en-US","potentialAction":[{"@type":"ReadAction","target":["https:\/\/www.stpierre-bru.be\/brochure\/hopital-de-jour-geriatrique\/"]}]},{"@type":"ImageObject","inLanguage":"en-US","@id":"https:\/\/www.stpierre-bru.be\/brochure\/hopital-de-jour-geriatrique\/#primaryimage","url":"https:\/\/www.stpierre-bru.be\/app\/uploads\/2025\/08\/A5_Brochure_OneDayGeriatrique_FR_100625.jpg","contentUrl":"https:\/\/www.stpierre-bru.be\/app\/uploads\/2025\/08\/A5_Brochure_OneDayGeriatrique_FR_100625.jpg","width":420,"height":595},{"@type":"BreadcrumbList","@id":"https:\/\/www.stpierre-bru.be\/brochure\/hopital-de-jour-geriatrique\/#breadcrumb","itemListElement":[{"@type":"ListItem","position":1,"name":"Home","item":"https:\/\/www.stpierre-bru.be\/en\/"},{"@type":"ListItem","position":2,"name":"Brochures","item":"https:\/\/www.stpierre-bru.be\/nl\/brochure\/"},{"@type":"ListItem","position":3,"name":"H\u00f4pital de jour g\u00e9riatrique"}]},{"@type":"WebSite","@id":"https:\/\/www.stpierre-bru.be\/#website","url":"https:\/\/www.stpierre-bru.be\/","name":"CHU Saint-Pierre | UMC Sint-Pieter","description":"Bienvenue","publisher":{"@id":"https:\/\/www.stpierre-bru.be\/#organization"},"potentialAction":[{"@type":"SearchAction","target":{"@type":"EntryPoint","urlTemplate":"https:\/\/www.stpierre-bru.be\/?s={search_term_string}"},"query-input":{"@type":"PropertyValueSpecification","valueRequired":true,"valueName":"search_term_string"}}],"inLanguage":"en-US"},{"@type":"Organization","@id":"https:\/\/www.stpierre-bru.be\/#organization","name":"CHU Saint-Pierre | UMC Sint-Pieter","url":"https:\/\/www.stpierre-bru.be\/","logo":{"@type":"ImageObject","inLanguage":"en-US","@id":"https:\/\/www.stpierre-bru.be\/#\/schema\/logo\/image\/","url":"https:\/\/www.stpierre-bru.be\/wp-content\/uploads\/2021\/06\/Logo_chu_umc_0.png","contentUrl":"https:\/\/www.stpierre-bru.be\/wp-content\/uploads\/2021\/06\/Logo_chu_umc_0.png","width":733,"height":281,"caption":"CHU Saint-Pierre | UMC Sint-Pieter"},"image":{"@id":"https:\/\/www.stpierre-bru.be\/#\/schema\/logo\/image\/"}}]}},"_links":{"self":[{"href":"https:\/\/www.stpierre-bru.be\/en\/wp-json\/wp\/v2\/brochure\/58953","targetHints":{"allow":["GET"]}}],"collection":[{"href":"https:\/\/www.stpierre-bru.be\/en\/wp-json\/wp\/v2\/brochure"}],"about":[{"href":"https:\/\/www.stpierre-bru.be\/en\/wp-json\/wp\/v2\/types\/brochure"}],"wp:featuredmedia":[{"embeddable":true,"href":"https:\/\/www.stpierre-bru.be\/en\/wp-json\/wp\/v2\/media\/58954"}],"wp:attachment":[{"href":"https:\/\/www.stpierre-bru.be\/en\/wp-json\/wp\/v2\/media?parent=58953"}],"wp:term":[{"taxonomy":"category","embeddable":true,"href":"https:\/\/www.stpierre-bru.be\/en\/wp-json\/wp\/v2\/categories?post=58953"},{"taxonomy":"post_tag","embeddable":true,"href":"https:\/\/www.stpierre-bru.be\/en\/wp-json\/wp\/v2\/tags?post=58953"}],"curies":[{"name":"wp","href":"https:\/\/api.w.org\/{rel}","templated":true}]}}

Hôpital de jour gériatrique

<p>Brochure d&#8217;information à l&#8217;attention de patients et proches</p>

<!-- This site is optimized with the Yoast SEO plugin v26.5 - https://yoast.com/wordpress/plugins/seo/ -->
<title>Hôpital de jour gériatrique - CHU Saint-Pierre | UMC Sint-Pieter</title>
<meta name="robots" content="index, follow, max-snippet:-1, max-image-preview:large, max-video-preview:-1" />
<link rel="canonical" href="https://www.stpierre-bru.be/brochure/hopital-de-jour-geriatrique/" />
<meta property="og:locale" content="en_US" />
<meta property="og:type" content="article" />
<meta property="og:title" content="Hôpital de jour gériatrique - CHU Saint-Pierre | UMC Sint-Pieter" />
<meta property="og:description" content="Brochure d&#8217;information à l&#8217;attention de patients et proches" />
<meta property="og:site_name" content="CHU Saint-Pierre | UMC Sint-Pieter" />
<meta property="article:modified_time" content="2025-08-01T14:27:06+00:00" />
<meta property="og:image" content="https://www.stpierre-bru.be/app/uploads/2025/08/A5_Brochure_OneDayGeriatrique_FR_100625.jpg" />
	<meta property="og:image:width" content="420" />
	<meta property="og:image:height" content="595" />
	<meta property="og:image:type" content="image/jpeg" />
<meta name="twitter:card" content="summary_large_image" />
<meta name="twitter:label1" content="Est. reading time" />
	<meta name="twitter:data1" content="1 minute" />
<script type="application/ld+json" class="yoast-schema-graph">{"@context":"https://schema.org","@graph":[{"@type":"WebPage","@id":"https://www.stpierre-bru.be/brochure/hopital-de-jour-geriatrique/","url":"https://www.stpierre-bru.be/brochure/hopital-de-jour-geriatrique/","name":"Hôpital de jour gériatrique - CHU Saint-Pierre | UMC Sint-Pieter","isPartOf":{"@id":"https://www.stpierre-bru.be/#website"},"primaryImageOfPage":{"@id":"https://www.stpierre-bru.be/brochure/hopital-de-jour-geriatrique/#primaryimage"},"image":{"@id":"https://www.stpierre-bru.be/brochure/hopital-de-jour-geriatrique/#primaryimage"},"thumbnailUrl":"https://www.stpierre-bru.be/app/uploads/2025/08/A5_Brochure_OneDayGeriatrique_FR_100625.jpg","datePublished":"2025-08-01T14:25:07+00:00","dateModified":"2025-08-01T14:27:06+00:00","breadcrumb":{"@id":"https://www.stpierre-bru.be/brochure/hopital-de-jour-geriatrique/#breadcrumb"},"inLanguage":"en-US","potentialAction":[{"@type":"ReadAction","target":["https://www.stpierre-bru.be/brochure/hopital-de-jour-geriatrique/"]}]},{"@type":"ImageObject","inLanguage":"en-US","@id":"https://www.stpierre-bru.be/brochure/hopital-de-jour-geriatrique/#primaryimage","url":"https://www.stpierre-bru.be/app/uploads/2025/08/A5_Brochure_OneDayGeriatrique_FR_100625.jpg","contentUrl":"https://www.stpierre-bru.be/app/uploads/2025/08/A5_Brochure_OneDayGeriatrique_FR_100625.jpg","width":420,"height":595},{"@type":"BreadcrumbList","@id":"https://www.stpierre-bru.be/brochure/hopital-de-jour-geriatrique/#breadcrumb","itemListElement":[{"@type":"ListItem","position":1,"name":"Home","item":"https://www.stpierre-bru.be/en/"},{"@type":"ListItem","position":2,"name":"Brochures","item":"https://www.stpierre-bru.be/nl/brochure/"},{"@type":"ListItem","position":3,"name":"Hôpital de jour gériatrique"}]},{"@type":"WebSite","@id":"https://www.stpierre-bru.be/#website","url":"https://www.stpierre-bru.be/","name":"CHU Saint-Pierre | UMC Sint-Pieter","description":"Bienvenue","publisher":{"@id":"https://www.stpierre-bru.be/#organization"},"potentialAction":[{"@type":"SearchAction","target":{"@type":"EntryPoint","urlTemplate":"https://www.stpierre-bru.be/?s={search_term_string}"},"query-input":{"@type":"PropertyValueSpecification","valueRequired":true,"valueName":"search_term_string"}}],"inLanguage":"en-US"},{"@type":"Organization","@id":"https://www.stpierre-bru.be/#organization","name":"CHU Saint-Pierre | UMC Sint-Pieter","url":"https://www.stpierre-bru.be/","logo":{"@type":"ImageObject","inLanguage":"en-US","@id":"https://www.stpierre-bru.be/#/schema/logo/image/","url":"https://www.stpierre-bru.be/wp-content/uploads/2021/06/Logo_chu_umc_0.png","contentUrl":"https://www.stpierre-bru.be/wp-content/uploads/2021/06/Logo_chu_umc_0.png","width":733,"height":281,"caption":"CHU Saint-Pierre | UMC Sint-Pieter"},"image":{"@id":"https://www.stpierre-bru.be/#/schema/logo/image/"}}]}</script>
<!-- / Yoast SEO plugin. -->

Hôpital de jour gériatrique - CHU Saint-Pierre | UMC Sint-Pieter

Brochure d&#8217;information à l&#8217;attention de patients et proches
